k be a(3). Suppose 2*y + 2 + 6 = k. What are the prime factors of l(y)?
2, 5
Let s(v) = 21*v**3 + v**2 + 3*v + 10. List the prime factors of s(3).
5, 7, 17
Suppose 2*b + 112 = 5*p + 29, 4*b - p = -139. Let c be 0 - 2 - -2 - 72. Let g = b - c. List the prime factors of g.
2, 19
Let f = 11 + -6. Let u be 2*2/(1 - 0). Let m = u + f. What are the prime factors of m?
3
Let c = -1080 + 3616. What are the prime factors of c?
2, 317
What are the prime factors of (-26 - -22)*225/(-4)?
3, 5
Suppose 4*y - 224 = l + 131, -l = 5*y - 455. List the prime factors of y.
2, 3, 5
Let w = 20 - 17. List the prime factors of (w - 0 - 6) + 93.
2, 3, 5
Suppose h + 7 = -i + 4*i, i = -2*h. Suppose -3 = z - 2, -i*z = -5*u + 847. Suppose 0*x = 5*x - 3*r - u, 5*x + 4*r = 148. List the prime factors of x.
2
Let z(k) be the second derivative of -k**3 - k**2/2 + 3*k. Let y be z(-2). Suppose 4*u = 109 + y. List the prime factors of u.
2, 3, 5
Suppose -75 = -7*n + 2*n. Suppose 7*w = 4*w + n. Suppose 5*h = -q + 4, -w*q = -h + 4*h - 20. What are the prime factors of q?
2
Let n(c) = 86*c - 7. Let b be n(3). List the prime factors of (-1)/(-3) - b/(-3).
2, 3, 7
Let t(h) = -h**2 - 22*h + 7. Suppose -f - g - 15 = -0*f, -25 = f - 4*g. What are the prime factors of t(f)?
2, 23
Suppose -4*w + 5*w - 46 = 0. Let n = 48 - w. List the prime factors of n.
2
What are the prime factors of 1888 - ((-2)/(-10) + 1943/335)?
2, 941
Suppose -4*w = -4*k + 8396, 34*w - 35*w - 4195 = -2*k. List the prime factors of k.
2, 131
Let l(u) = u**3 + 5*u**2 - 5*u - 3. Let b be l(-6). Let c = 44 - b. Suppose 2*y - 3*p = y + 27, -3*y = -2*p - c. What are the prime factors of y?
3, 5
Let u be 0/(1 + 2 - 1). Suppose 86 = i - m, u*m - 402 = -5*i - 2*m. Let t = i - 24. What are the prime factors of t?
2, 29
Let z(n) be the first derivative of 7*n + 1/2*n**2 + 7. What are the prime factors of z(-5)?
2
Let j(r) = -3*r**3 + 2*r**2 - 6*r + 8. List the prime factors of j(-4).
2
Let b = -54 - -56. Suppose 5*a + 183 = 2*s + s, b*s = 5*a + 117. List the prime factors of s.
2, 3, 11
Suppose 2*q - 12 - 2 = 4*f, 2*q + 3*f = 42. What are the prime factors of (-4)/6*q/(-2)?
5
Suppose 0 = -f - 5*x + 303, -f - x + 432 = 133. List the prime factors of f.
2, 149
Let j = 593 + 0. What are the prime factors of j?
593
Suppose -4*w = -11 - 85. Suppose -4*p = -256 - w. What are the prime factors of p?
2, 5, 7
Let t(f) = 47*f. What are the prime factors of t(1)?
47
Let a(k) = -8*k**2 + 0 + 5*k - 3*k + 11*k**2 - 5 + 3. Suppose 5*d + 18 = 3*d - 2*l, -4*d = l + 24. What are the prime factors of a(d)?
3, 7
Suppose -3 = -3*n - 6. Let s(x) = -176*x + 1. Let o be s(n). Suppose -m - 4*m + o = 4*q, -3*m = -3*q - 90. What are the prime factors of m?
3, 11
Suppose -7*u = -0*u - 42. Let z(a) = a**3 - 6*a**2 + 8*a - 2. List the prime factors of z(u).
2, 23
Let t(z) = z**2 - 9*z - 4. Let a be t(10). Suppose 0 = 3*x - a, 445 = 5*o + 2*x - 104. Suppose -o + 35 = -2*h. List the prime factors of h.
37
Let a = 4 + -4. Let v(o) = o**2 + 3*o + 62. What are the prime factors of v(a)?
2, 31
What are the prime factors of 1 - 1308/18*(-3)/2?
2, 5, 11
Suppose -7*v = -2*v. Let z(u) = v + 3 + 12*u - 3 - 5. What are the prime factors of z(2)?
19
Suppose -10*j + 156 = 406. Let n(v) = v**2 + 23*v + 13. What are the prime factors of n(j)?
3, 7
Let d(c) = c + 5. Let o be d(-5). Suppose 2*q - 1 = 47. What are the prime factors of -3 + o + 1 + q?
2, 11
Let o be (-10910)/9 - (-16)/72. What are the prime factors of (1/(-2))/(2/o)?
3, 101
Let x(z) = 4*z**3 + 11*z**2 + z + 2. What are the prime factors of x(7)?
2, 3, 5
Suppose -a = 3*a - 5*g - 99, a = -g + 36. Let x = a - 2. List the prime factors of x.
29
Let x = 41 - 78. Let t = -62 - x. Let n = -17 - t. List the prime factors of n.
2
Suppose -u - 19 = -o - o, 3*u - 5*o + 58 = 0. Let a = u + 24. Suppose 2*h + 11 + a = 3*i, -3*h = -3*i + 18. What are the prime factors of i?
2
Let s(k) = 63*k - 130. What are the prime factors of s(11)?
563
Let y(d) = -45*d + 2. Suppose 0 = 4*i - 0*i + 8. List the prime factors of y(i).
2, 23
Let a be 7/(1/2*2). Let o(x) = -96*x + 32*x + 29*x + 0 + x**2 + 30*x + 1. What are the prime factors of o(a)?
3, 5
Let x(g) = -g**3 + 5*g**2 - g + 9. Suppose 23 = p + 5*u + 3, 0 = -5*p + u + 22. List the prime factors of x(p).
2
Suppose 49702 = 13*w - 12763. What are the prime factors of w?
5, 31
Suppose -205*m = -197*m - 7680. What are the prime factors of m?
2, 3, 5
Let m be (1 - 0)/((-5)/(-50)). Let j = m + 9. Suppose 3*i + j = 4*i + g, -g - 101 = -4*i. What are the prime factors of i?
2, 3
Let p(q) = -14*q + 13. Let k be p(-13). Let a = k + -52. What are the prime factors of a?
11, 13
Let b(p) = 16*p**3 + 12*p**2 - 5*p + 16. List the prime factors of b(4).
2, 3, 101
Let s(f) = f**3 - 22*f**2 - 22*f - 20. What are the prime factors of s(24)?
2, 151
Suppose 0 = 3*n + 6 - 12. Suppose -n*j + 826 = 2*j + l, 3*l = -2*j + 418. What are the prime factors of j?
2, 103
Suppose -2*m + 2 = 0, -w - 4*m - 1267 = -2*w. List the prime factors of w.
31, 41
Suppose 5*p + 254 = -131. List the prime factors of (96/(-10))/(-2 - p/40).
2
Let q(r) = 2*r**3 + 50*r - 1. List the prime factors of q(8).
1423
Let q be (10/8)/((-6)/(-240)). Let a = 84 - q. Let c = -29 + a. List the prime factors of c.
5
Suppose 15*n = 14*n + 682. Suppose -6*j + c = -8*j + 458, -3*j + c = -n. List the prime factors of j.
2, 3, 19
Let y = -79 + 70. Let q = -5 - 0. Let l = q - y. What are the prime factors of l?
2
Let o = 435 + 820. What are the prime factors of o?
5, 251
Suppose -2*x - 5*o - 11 = 0, -2*x + 3*o = 3*x - 19. Suppose c + 162 = -x*v, 4*v - v = -c - 164. Let y = 222 + c. List the prime factors of y.
2
Let t(d) = -d**2 + 7*d - 6. Let h be t(6). Suppose 2*x - 2 - 2 = h. List the prime factors of x.
2
Let m be ((-2)/4)/(2/12). Let g be -24 + 3/(m - 0). Let z = 37 + g. What are the prime factors of z?
2, 3
Let x(q) be the third derivative of 2*q**4/3 - q**3/3 + 3*q**2. What are the prime factors of x(1)?
2, 7
Let s be 4/(1/(-6)*-2). Suppose -m + s*m = 660. List the prime factors of m.
2, 3, 5
Suppose 0 = 10*l - 493 - 1317. List the prime factors of l.
181
Suppose -h + 6 = 3*v - 5*h, 4*v = 2*h + 8. List the prime factors of 3 - (-2)/v - -41.
3, 5
Let v be (2/(-4))/((-4)/928). Let p = v - 42. What are the prime factors of p?
2, 37
Suppose -4*y - 47 = -5*p, -2*p - 2*y = -0*p - 26. Suppose 12*k - p*k = 2. Suppose 3*l - 4 = x, -3*l + l + k*x = 0. What are the prime factors of l?
2
Suppose 249 = -3*v + 1308. What are the prime factors of v?
353
Suppose 3549 = 12*y - 531. List the prime factors of y.
2, 5, 17
Let n(v) = -v**2 - 15*v. Let x be n(-12). Let w = x - 18. What are the prime factors of w?
2, 3
Let o(k) = 3*k - 1. Let l be 3*2*24/36. Let z be o(l). Suppose 4*h = -3 + z. List the prime factors of h.
2
Suppose 15*j - 42 = 13*j. Let o = 37 + j. What are the prime factors of o?
2, 29
Suppose -87*z + 69*z + 46908 = 0. What are the prime factors of z?
2, 1303
Let o(l) = -l**2 - 9*l - 4. Let k(n) = n. Let t(d) = -4*k(d) + o(d). List the prime factors of t(-9).
2
Let r(g) = g**2 + 9*g - 21. Let h be r(-10). Let k(t) = t**2 + 12*t + 14. Let p be k(h). Let s(m) = 4*m + 5. What are the prime factors of s(p)?
17
Let v(m) = -64*m - 15. List the prime factors of v(-4).
241
Let o be (4/3)/(2/(-15)). Let w = 23 + o. List the prime factors of w.
13
Let y(o) = -886*o - 5. List the prime factors of y(-1).
881
Let c = 53 - -650. List the prime factors of c.
19, 37
Let j(f) = 24*f**2 - 2*f**2 - 11*f**2 - 6*f**2 - 10 - 13*f. Let a be j(7). Suppose a = 5*v + 49. List the prime factors of v.
19
Let z = 3075 + -1590. List the prime factors of z.
3, 5, 11
Let g(m) = -9 + 2 + 2*m - m + 1. Let p be g(9). Suppose 69 = p*a - 2*a. What are the prime factors of a?
3, 23
Let u be -3 + 49 + 4 + -6. Let l = 4 + u. List the prime factors of l.
2, 3
Let f = -7 + 8. Let o(p) = -p + 1. Let g(a) = 26*a - 5. Let s(d) = g(d) + 4*o(d). What are the prime factors of s(f)?
3, 7
Let y = -12 + 14. Suppose y*u + 3*z - 2*z = 3, 0 = 2*z + 10. List the prime factors of (3/(-2))/((-2)/u).
3
Suppose 137*k - 139*k = -636. What are the prime factors of k?
2, 3, 53
Let v(m) be the first derivative of m**2 + 10*m + 1. Let a be v(-3). List the prime factors of (a - (4 + -4)) + 3.
7
Suppose -